= a**2 - 5*a - 1. Let k be b(7). Suppose -17 = -3*m + k. Let c be -4*3/((-12)/25). Calculate the highest common divisor of c and m.
5
Let h(g) = 5*g - 9. Let r be h(4). Let j(a) = -4 - 4 + a**2 + 0*a**2 - 2*a. Let n be j(-7). What is the greatest common factor of n and r?
11
Let w be 15/(39/(-48) + 1). Suppose -w*c + 81*c - 21 = 0. What is the greatest common divisor of c and 6?
3
Let r = -242 - -299. Calculate the highest common divisor of 513 and r.
57
Let l(j) = -6*j**3 - 2*j**2 - 5*j - 10. Let v be l(-2). Calculate the highest common factor of v and 540.
20
Let c be (-2)/(-8) + (-33)/(-12). Let y be (3 + (3 - 6))/c. Let k = 15 + y. Calculate the greatest common divisor of 105 and k.
15
Let l = 784 + -549. Suppose l = r - 40. What is the highest common divisor of r and 25?
25
Suppose 16*i = 12*i - 496. Let b = -121 - i. Calculate the greatest common factor of 5 and b.
1
Let f(b) = -2*b**2 + 11*b - 9. Suppose c + 6 = 2*l - 0, 0 = 3*l + 3*c - 18. Let p be f(l). What is the highest common divisor of p and 3?
3
Let m be (-121*1 + (-16 - -9))*-1. What is the highest common factor of 32 and m?
32
Let b(r) = -3*r**3 + 6*r**2 - 10*r + 5. Let o(n) = -n**3 - n + 1. Let m(v) = -b(v) + 2*o(v). Let q be m(5). What is the highest common divisor of 4 and q?
4
Let t(m) = -m**3 + 7*m**2 + 2*m + 1. Let x be t(7). Suppose 5 = -4*d + 5*r - 8, 2 = 2*r. Let p = x - d. What is the greatest common factor of p and 34?
17
Let j(w) = -36*w**2 + 226*w - 15. Let r be j(6). What is the greatest common factor of r and 126?
9
Let c = -100 - -96. Let g be 4*((1 - c/4) + 2). Suppose -4*y - 2*o = -8, 5*y + 8 = -o + 18. Calculate the highest common divisor of y and g.
2
Let s(o) = 13*o + 15. Let t be s(2). Calculate the highest common divisor of 287 and t.
41
Suppose -2*m = 106 - 116. Calculate the greatest common factor of m and 70.
5
Let h = -12 + 17. Suppose h*n = 4*b - b + 15, 5*b - 12 = -4*n. Suppose 2*i - 32 = -2*v - b*v, -3*i = v - 46. Calculate the greatest common divisor of 165 and i.
15
Let x = -8 - -4. Let c be 92/3 + x/(-12). Suppose f - 2*f + 31 = 0. What is the highest common factor of c and f?
31
Suppose 22*g - 1545 - 611 = 0. Calculate the greatest common factor of 49 and g.
49
Let j(c) = -20*c + 387. Let s be j(19). What is the greatest common divisor of 3437 and s?
7
Let z(i) be the second derivative of -11/2*i**2 + 0 + i**3 - 6*i + 1/12*i**4. Let n be z(-8). Calculate the highest common divisor of 5 and n.
5
Let z(r) = -r**2 + 3*r - 2. Let q be z(2). Suppose 0 = 4*c - 3*t - 144, 2*t - 58 = -2*c - q*t. What is the highest common factor of 3 and c?
3
Let x(v) = -v**3 - 7*v**2 - 3*v - 69. Let s be x(-9). Calculate the greatest common factor of s and 216.
24
Let d(m) = -m**2 - 99*m - 36. Let o be d(-15). Calculate the highest common factor of 36 and o.
36
Let t(a) = 10*a**2 - 17*a + 66. Let m be t(7). What is the highest common divisor of 38 and m?
19
Suppose -5*q + 365 = 5*j, 3*j + 5*q - 18 = 203. What is the greatest common divisor of 243 and j?
9
Suppose 6*p - 231 = 5*p. Let g(s) = 3*s - 24. Let q be g(8). Suppose q = -5*t - 4 + 109. What is the highest common factor of t and p?
21
Let i(s) = s. Let u(f) = -3*f + 1. Let j(g) = 2*i(g) + u(g). Let h be j(-5). What is the greatest common factor of 12 and h?
6
Suppose 201 + 954 = 7*o. Let a be 5*(-3 + 11/(o/54)). Calculate the highest common factor of a and 39.
3
Suppose 5*g - 2*g = 18. Let b = 24 - g. Let k be b - 5 - (-4)/2. What is the highest common factor of 30 and k?
15
Let u(f) = -f**2 - f + 110. Let i(a) = -2*a - 32. Let b be i(-16). Let r be u(b). Calculate the highest common factor of 11 and r.
11
Let w(j) = -j**3 + 5*j**2 - 5*j + 6. Let i be w(4). Suppose 0 = -m - k + 4 + i, k + 4 = m. What is the highest common factor of m and 25?
5
Suppose -7*r = -308 - 259. Let l = r - 48. Calculate the highest common divisor of 11 and l.
11
Let a(x) = 3*x + x + 3*x - 2*x. Let b be a(1). Suppose -3*n - 45 = -r - 0*n, b*r - 168 = -4*n. What is the greatest common factor of r and 6?
6
Let j be (-212)/318 - (-4564)/6. Calculate the highest common factor of 160 and j.
40
Let c = -4 + 31. Suppose -2*z + c = -5*j, -5*z - j + 83 = -25. Calculate the greatest common divisor of 63 and z.
21
Suppose -36*j + 31*j = -20. Calculate the highest common divisor of 54 and j.
2
Let a = 211 - 133. Suppose 5*m + 324 = 3*g - 226, -3*g + 599 = 2*m. Calculate the greatest common divisor of g and a.
39
Let m be (-2019)/(-45) - (-60)/450. Let f be 2 + -1 - -17*1. Calculate the greatest common factor of m and f.
9
Suppose 0 = -22*o - 6*o + 2324. Calculate the highest common divisor of o and 1577.
83
Let f be ((-10)/(-8))/(7/(-14))*-4. Suppose 6 = -7*w + f*w. What is the highest common divisor of w and 5?
1
Let p = -38 + 38. Suppose p = -5*f - 6*f + 1155. What is the highest common factor of f and 70?
35
Let w = 197 - 57. Let s = 12 - -8. Calculate the greatest common factor of w and s.
20
Suppose -30*v + 31*v = 33. Calculate the highest common factor of 308 and v.
11
Let m = -94 - -136. Suppose 2*f + 2*p - m = 14, -2*f = -2*p - 68. What is the greatest common factor of 155 and f?
31
Suppose 6*n - 48 = 54. Suppose m - n = 4*d - 59, 2*d - 4*m - 28 = 0. Calculate the greatest common divisor of 110 and d.
10
Let q = 46 + -24. Let l = 34 - q. What is the highest common divisor of 8 and l?
4
Let j(i) = -3*i + 47. Let q be j(-10). What is the highest common factor of 66 and q?
11
Suppose 227 - 245 = -9*n. Let h(y) be the second derivative of -y**4/12 - y**3/2 + 2*y**2 - 2*y. Let f be h(-3). Calculate the highest common factor of f and n.
2
Let u be 10/15*(-660)/(-8). What is the greatest common divisor of u and 55?
55
Let b(f) = -2*f**2 - 85*f - 74. Let o be b(-40). Suppose 2*m + k + 24 - 57 = 0, 5*m + 5*k = 95. What is the highest common factor of m and o?
14
Suppose 41*b + 20 - 717 = 0. Calculate the highest common factor of b and 629.
17
Suppose -4*f + 0*f - 13 = m, -2*f = 2*m + 14. Let a be (-3)/f*(-2)/(-3). Let k = 13 - 5. What is the greatest common divisor of a and k?
1
Let n = 166 - 78. Let v(b) = -b**2 - 10*b - 13. Let o be v(-3). Calculate the highest common divisor of o and n.
8
Suppose -983 = -5*a - q, 3*a + 404 = 5*a + 4*q. Let v = a + -160. Let m(p) = p**2. Let d be m(2). What is the highest common factor of d and v?
4
Suppose -4*n = -16, -p - 17*n + 20 = -15*n. What is the highest common factor of p and 1356?
12
Let l(y) = -2*y - 9. Let a be l(-8). Let s be (a - -1) + (0 - 0). Let o = 102 + -30. What is the highest common divisor of o and s?
8
Let v(f) = 18*f - 505. Let u be v(29). What is the greatest common factor of u and 5627?
17
Suppose -68*u + 4*n = -69*u + 21, 3*u = n + 50. Let w = -25 - -42. Calculate the highest common divisor of u and w.
17
Suppose -287 + 385 = 7*c. Let f = 266 - 168. What is the highest common divisor of f and c?
14
Let p be 0/(-1) + 76 - 35/35. What is the greatest common factor of p and 15?
15
Let u = 25 - 16. Suppose 0 = p + 3*b - 0 - u, -4*p + 4*b + 36 = 0. What is the greatest common divisor of 72 and p?
9
Suppose -2*v = 5*f - 4152, -32*v = f - 33*v - 829. Calculate the greatest common factor of f and 10.
10
Let w = -915 - -1553. What is the highest common factor of w and 22?
22
Let m(r) = -r**2 + 6*r - 2. Let y be m(2). Calculate the highest common factor of 18 and y.
6
Suppose 2*n + 3 = -3, -k = -n - 69. Let x be 2*(2 - k/(-2)). Suppose 0*v = -5*v + x. Calculate the highest common factor of v and 21.
7
Let k = 66 + -75. Let q be (-6)/(-18) - 150/k - 4. Calculate the greatest common divisor of 13 and q.
13
Suppose l = 13*l - 756. What is the greatest common divisor of l and 28?
7
Suppose 0 = n + 3*b - 45, b - 35 = -n - 0*b. Let h be 12/n + (-27)/5. Let u = 10 - h. Calculate the highest common divisor of u and 135.
15
Suppose -5*n - 2*t + 83 - 2 = 0, 0 = 2*n + 2*t - 30. What is the highest common divisor of 51 and n?
17
Let b = -22 + 99. Suppose -5*v = 5*w - 130, -v + 64 = 2*w - 2*v. Suppose -j + w = 3*o + 9, 3*j = 0. What is the highest common divisor of b and o?
7
Let i(z) be the third derivative of z**4/3 + 5*z**2. Let l be i(3). Let y be (-3)/(-9) - (-213)/9. Calculate the highest common divisor of y and l.
24
Suppose -5*a + 6*a = 6. Let f be 4/(-6) + 5/3. Let w be (-625)/(-15) + f/3. Calcul